 the highest common factor of c and 8?
8
Let z be 1248/(-27) + (-4)/(-18). Let w = 71 + z. Let h = w + -18. What is the greatest common divisor of h and 7?
7
Let u = -197 - -341. Calculate the highest common divisor of 48 and u.
48
Let i = 12 - 22. Let f be (-4)/(-10) + (-506)/i. What is the greatest common factor of f and 17?
17
Suppose 4*m - 4*a - 528 = 0, 0 = -4*m - 5*a + 531 - 39. Calculate the highest common divisor of 8 and m.
8
Let g(y) = 3*y**3 - y**2 - y + 2. Let t be g(1). Suppose 0 = 2*w + t*w - 495. Calculate the greatest common divisor of 9 and w.
9
Let q(v) = 39*v**2 + 1. Suppose -20 = -5*w + 3*m, w + 21 = 2*w - 4*m. Suppose 3*o = 2*o + w. Let k be q(o). What is the greatest common factor of 8 and k?
8
Let q(y) = 7*y**3 + y**2 - y + 1. Let s be q(1). Suppose 3*v = -5*o + 99, 0 = s*o - 4*o. What is the greatest common factor of 66 and v?
33
Suppose -4*d + 20 = d. Let b(s) = 25*s - 1. Let m be b(d). Let a = -54 + m. Calculate the greatest common divisor of a and 30.
15
Let g(f) = f. Let p be g(9). Suppose -j + 0 + 2 = 0. Let n = p - j. What is the highest common divisor of 42 and n?
7
Let k = -4 - -12. Calculate the highest common factor of k and 104.
8
Suppose -s - 13 = -3*s + h, -3*s + 12 = h. Let i(t) = 4*t**2 + 1. Let q be i(1). What is the greatest common factor of s and q?
5
Suppose -b - 50 = -6*b. Let k = 3 + 17. What is the greatest common factor of b and k?
10
Let t = -2 + 2. Suppose 3*r + r - 60 = t. Calculate the highest common divisor of 15 and r.
15
Suppose -5*a = 2*s - 494, 0 = 3*s + s + 12. Let y = a + 2. What is the greatest common divisor of 17 and y?
17
Let w(x) be the third derivative of -x**6/120 + x**5/10 + x**4/24 - 2*x**3/3 + 5*x**2. Let l be w(6). Calculate the greatest common divisor of l and 14.
2
Let v = -5 - -19. Let f(y) = -y + 5. Let x be f(0). Let h = 7 - x. What is the greatest common factor of h and v?
2
Suppose -5*y - k + 74 = -0*y, 2*k - 36 = -2*y. What is the greatest common factor of y and 14?
14
Let q(y) = 2*y**2 + 8*y - 5. Let s be q(-14). Calculate the greatest common divisor of 25 and s.
25
Let p be (24/15)/(2/10). Calculate the greatest common factor of p and 16.
8
Let g(q) = -4*q - 1. Let r be g(-1). Suppose -3*w + 12 = -r*x, -3*x + 0 = 2*w - 13. Suppose -w*a = -23 + 3. What is the highest common factor of 6 and a?
2
Let n(w) = 13*w - 21. Let y be n(6). Calculate the greatest common divisor of y and 19.
19
Let o = 45 + -17. Calculate the greatest common divisor of o and 70.
14
Suppose -2*b + b = -3. Suppose -t - b*c = -319, -c = -5*c. What is the greatest common divisor of t and 29?
29
Let a(k) be the first derivative of -k**4/4 - k**3/3 + 5*k**2/2 + 3*k + 4. Let i be a(-3). What is the greatest common divisor of 2 and i?
2
Let a(i) = 8*i**2 - 3*i + 1. Let t be a(4). Let y = t + -57. Calculate the highest common divisor of y and 12.
12
Let s(u) = 5*u + 4. Let b be s(3). Let m = b - -51. Suppose 4*x - 3*g = 40, 2*x - 2*g = 3*g + 20. What is the greatest common divisor of x and m?
10
Let n(u) = -u**2 - 3*u + 48. Let a be n(-8). What is the highest common divisor of a and 16?
8
Let u(t) = -6*t + 17. Let y be u(13). Let i = -11 - y. What is the highest common factor of i and 10?
10
Suppose 0 = -5*p + 31 + 9. Calculate the highest common divisor of p and 1.
1
Let a(z) be the third derivative of z**4/12 - z**3/3 - 3*z**2. Let r be a(5). Calculate the greatest common factor of 12 and r.
4
Let p be (-2 + 16)*-1*(-36)/8. Calculate the highest common factor of 14 and p.
7
Let g(w) = 2*w**3 + w - 1. Let h be g(1). Suppose -5*b - 20 = 0, -12 - 28 = -3*n - h*b. What is the greatest common divisor of n and 144?
16
Suppose -4 = 2*h - 16. Let j(d) = d**3 - 3*d**2 - 8*d + 3. Let s be j(h). Calculate the highest common factor of 9 and s.
9
Let j be 146/6 - 2/(-3). Suppose 4*n - 39 = j. What is the greatest common divisor of n and 16?
16
Suppose x = -5 - 0. Let l = 25 - x. What is the greatest common factor of 330 and l?
30
Suppose 1569 = 9*q - 780. Calculate the highest common divisor of q and 29.
29
Let b(y) be the first derivative of -y**2/2 - 5*y - 1. Let k be b(-10). Calculate the greatest common divisor of k and 5.
5
Suppose -4*u = -6*u + 6. Let x = 5 + -3. Suppose -225 = -x*i - u*i. What is the highest common divisor of i and 18?
9
Let z(c) = c**2 - c + 29. Let o be z(-7). Suppose -3*l + 51 = -4*v + 8*v, -3*l - v = -51. What is the greatest common factor of o and l?
17
Suppose 66 = 8*q - 2*q. Let s(z) = 10*z - 4. Let k(u) = -1. Let y(l) = 3*k(l) - s(l). Let w be y(-1). Calculate the highest common factor of q and w.
11
Let g(l) = l**3 - 8*l**2 + 3*l - 36. Let v be g(9). What is the highest common divisor of v and 9?
9
Let d(n) = n + 4 - 2 - 1. Let f be d(1). Suppose 5 + 15 = 2*l. What is the highest common factor of l and f?
2
Suppose -24 = -5*n + 4*n. Let d be 6/n + 430/8. What is the highest common factor of d and 135?
27
Let c = 11 + -8. Suppose 85 = c*m + 2*m. Calculate the highest common divisor of m and 68.
17
Suppose -9*w + 51 = -255. What is the highest common divisor of 119 and w?
17
Let o = 43 + -31. Let r = 3 - -2. Suppose r*p - 24 = 2*p. What is the highest common divisor of p and o?
4
Suppose -13*o + 12 = -12*o. Let w = 35 + -11. What is the greatest common factor of w and o?
12
Let i(o) = -o - 7. Let h = 18 - 2. Suppose h + 16 = -4*g. Let y be i(g). What is the greatest common factor of 2 and y?
1
Suppose -33*l + 1499 = -85. Suppose 0 = -2*q + 3*q - 16. Calculate the greatest common factor of l and q.
16
Let m = -46 - -126. Let t = 10 + 22. What is the greatest common factor of m and t?
16
Let o = -1 - -7. Calculate the greatest common divisor of o and 24.
6
Let p(x) be the second derivative of -x**3/6 - 8*x**2 + 7*x. Let u be p(-17). Let b be (-9)/(-2) + 1/2. Calculate the greatest common divisor of u and b.
1
Let m(b) = -2*b**3 + 2*b**2 - 2*b. Let f be m(2). Let r be (f/(-5))/(9/315). What is the greatest common factor of 12 and r?
12
Let z(u) = 6*u + 4. Let b be z(3). Let l = 57 - b. Calculate the highest common factor of l and 14.
7
Let y = 76 - 66. What is the highest common factor of y and 30?
10
Let l = 162 + -67. Let g = l + -11. Calculate the greatest common divisor of g and 12.
12
Suppose -5 - 5 = -2*p. Let v = -1 - -56. Calculate the greatest common divisor of p and v.
5
Let c = 136 - 26. What is the greatest common factor of 275 and c?
55
Let j be 162 + 0 - (0 + 0). Suppose -5*p + 9 = 3*c - 75, 3*p + 2*c = 50. What is the greatest common factor of p and j?
18
Let g(b) = b**3 - 5*b**2 + 4*b - 4. Let h be g(5). Let l = 5 + h. Suppose 4*y - 5*k = 89, -2*y + 44 = -k - k. What is the highest common factor of l and y?
21
Let q = 17 - 13. Calculate the highest common divisor of 12 and q.
4
Let p be (30/8)/(2/24). Suppose 5*h = 5*i + 930, p = -5*h - 4*i + 984. What is the greatest common factor of h and 17?
17
Suppose t - 2 = -0. Suppose -255 = -s - t*s. What is the highest common divisor of s and 17?
17
Suppose 3*a - 5*a + 14 = -l, 2*a - 22 = 3*l. Calculate the highest common divisor of 20 and a.
5
Suppose -3*d - 1 = o, -d - 4*d + 1 = o. Let b be (d + 0)/(-2)*-4. Suppose 22 = x + b. Calculate the greatest common divisor of 4 and x.
4
Let s(w) = w**2 + 2*w - 1. Let u be s(-3). Let i be 2/(u/(83 + -3)). Calculate the highest common divisor of i and 10.
10
Let g = -6 - -8. Let v = g - -4. Suppose v*s - 135 = 3*s. Calculate the highest common factor of 5 and s.
5
Let w(g) = 2*g**2 + 3*g. Let b = -2 + 6. Suppose 6 = -b*v - 2. Let k be w(v). What is the greatest common divisor of k and 10?
2
Let i(j) = -10*j - 1. Let h be i(-2). Let c = -15 - -18. Suppose 2*z + 2*o = -c*o + 304, 4*z + 2*o = 608. Calculate the highest common factor of z and h.
19
Suppose -4*n + 422 = -238. Suppose h + 73 = 5*r, -r + 0*h + 9 = -3*h. Calculate the highest common factor of r and n.
15
Let y be ((-64)/(-3))/((-12)/(-18)). Suppose -4*w = w - 240. What is the highest common factor of w and y?
16
Let x be 2*(-2 + 15/2). Suppose 363 = -u + 4*u. Calculate the highest common divisor of x and u.
11
Suppose -3*a = 49 + 26. Let p be (18/5)/((-10)/a). Let b be (-70)/(-4) + 1/2. What is the greatest common divisor of b and p?
9
Let f = 21 - 19. Calculate the highest common factor of 2 and f.
2
Let a be 72*(-3)/(12/(